{"id":312,"date":"2024-01-17T12:03:12","date_gmt":"2024-01-17T12:03:12","guid":{"rendered":"https:\/\/lyceejeanmace-vitry.fr\/?page_id=312"},"modified":"2024-07-10T08:19:55","modified_gmt":"2024-07-10T08:19:55","slug":"pfmp","status":"publish","type":"page","link":"https:\/\/lyceejeanmace-vitry.fr\/?page_id=312","title":{"rendered":"PFMP"},"content":{"rendered":"\n<p><\/p>\n\n\n\n<div class=\"wp-block-file\"><a id=\"wp-block-file--media-257ffdcd-5f55-4f63-8bd6-25ec2adf89e0\" href=\"https:\/\/lyceejeanmace-vitry.fr\/wp-content\/uploads\/2024\/07\/Calendrier-PFMP-Jean-Mace-Vue-densemble-2024-2025-9.pdf\">Calendrier-PFMP 2024\/2025<\/a><a href=\"https:\/\/lyceejeanmace-vitry.fr\/wp-content\/uploads\/2024\/07\/Calendrier-PFMP-Jean-Mace-Vue-densemble-2024-2025-9.pdf\" class=\"wp-block-file__button wp-element-button\" download aria-describedby=\"wp-block-file--media-257ffdcd-5f55-4f63-8bd6-25ec2adf89e0\">T\u00e9l\u00e9charger<\/a><\/div>\n\n\n\n<p><\/p>\n\n\n\n<h2 class=\"wp-block-heading\"><strong>STAGE EN ENTREPRISE\u00a0: organisation de la PFMP<\/strong><\/h2>\n\n\n\n<p>Les P\u00e9riodes de Formation en Milieu Professionnel permettent aux \u00e9l\u00e8ves de d\u00e9couvrir la vie et la culture de l\u2019entreprise&nbsp;tout en approfondissant des comp\u00e9tences professionnelles. Elles font partie int\u00e9grante des forma\u00adtions et sont <strong>obligatoires<\/strong> pour l\u2019obtention du dipl\u00f4me, soit 8 semaines en CAP ELEC, 22 semaines en BAC PRO et 16 semaines en Mention Compl\u00e9mentaire.<\/p>\n\n\n\n<p>La recherche d\u2019une entreprise est l\u2019affaire de tous. Equipe p\u00e9dagogique, parent et surtout l\u2019\u00e9l\u00e8ve. Le lyc\u00e9e Jean Mac\u00e9 met tout en \u0153uvre afin d\u2019aider \u00e0 la recherche.<\/p>\n\n\n\n<h2 class=\"wp-block-heading\">Avant la PFMP<\/h2>\n\n\n\n<ul class=\"wp-block-list\">\n<li>Les professeurs principaux pr\u00e9sentent les documents concernant l\u2019organisation de la PFMP et divers documents r\u00e9glementaires ou informatifs (<em>accord de principe,<\/em> <em>convention<\/em>, <em>livret de PFMP<\/em>, <em>CV et lettre de motivation<\/em>, <em>objectifs<\/em>, <em>remboursement des frais<\/em>\u2026)&nbsp;La recherche de stage commence d\u00e8s le mois de septembre&nbsp;;<\/li>\n\n\n\n<li><strong><u>L\u2019accord de principe<\/u><\/strong>&nbsp;: c\u2019est l\u2019\u00e9tape pr\u00e9liminaire de la convention. C\u2019est une promesse de stage qui permet de mentionner la raison sociale et l\u2019activit\u00e9 de l\u2019entreprise, les horaires, le nom du tuteur\u2026 Cette fiche est valid\u00e9e par le professeur de sp\u00e9cialit\u00e9&nbsp;;<\/li>\n<\/ul>\n\n\n\n<ul class=\"wp-block-list\">\n<li>L\u2019assistant DDFPT \u00e9dite ensuite <strong><u>la convention<\/u><\/strong> en 3 exemplaires qui devront \u00eatre sign\u00e9s successivement par le professeur r\u00e9f\u00e9rent, l\u2019\u00e9l\u00e8ve (ou sa famille) le tuteur en entreprise, puis le chef d\u2019\u00e9tablissement. ON NE DOIT PAS COMMENCER LE STAGE SANS CE DOCUMENT D\u00dbMENT COMPLETE.<\/li>\n\n\n\n<li>Le professeur de sp\u00e9cialit\u00e9 \u00e9tablit et remet le livret de stage ainsi que l\u2019\u00e9quipement et les chaussures de s\u00e9curit\u00e9.<\/li>\n\n\n\n<li>La famille s\u2019engage \u00e0 suivre le bon d\u00e9roulement de la recherche du stage.<\/li>\n<\/ul>\n\n\n\n<p><\/p>\n\n\n\n<h2 class=\"wp-block-heading\">Pendant la PFMP<\/h2>\n\n\n\n<ul class=\"wp-block-list\">\n<li>Le stagiaire s\u2019engage \u00e0 signaler tout retard ou absence au lyc\u00e9e (DDFPT ou professeur principal) ainsi qu\u2019\u00e0 l\u2019entreprise et \u00e0 fournir un arr\u00eat de travail, certificat m\u00e9dical ou convocation. Les jours d\u2019absence de l\u2019\u00e9l\u00e8ve doivent imp\u00e9rativement, \u00eatre rattrap\u00e9s durant l\u2019ann\u00e9e avec l\u2019accord du chef d\u2019\u00e9tablissement.<\/li>\n\n\n\n<li>Visite de suivi sur le terrain ou par t\u00e9l\u00e9phone&nbsp;: un membre de l\u2019\u00e9quipe p\u00e9dagogique rencontre le tuteur afin de r\u00e9aliser un premier point sur les activit\u00e9s de l\u2019\u00e9l\u00e8ve&nbsp;; les modalit\u00e9s de la visite d\u2019\u00e9valuation seront d\u00e9finies par le professeur de sp\u00e9cialit\u00e9&nbsp;;<\/li>\n\n\n\n<li>Signature par l\u2019entreprise de <strong><u>l\u2019attestation de PFMP<\/u><\/strong> (\u00e0 r\u00e9aliser en fin de p\u00e9riode apr\u00e8s entretien entre le tuteur, le professeur et l\u2019\u00e9l\u00e8ve).<\/li>\n<\/ul>\n\n\n\n<p><\/p>\n\n\n\n<h2 class=\"wp-block-heading\">Apr\u00e8s la PFMP<\/h2>\n\n\n\n<ul class=\"wp-block-list\">\n<li>Le tuteur en entreprise remplit <strong><em>l\u2019attestation de formation en milieu professionnel<\/em><\/strong> du livret le dernier jour du stage. Le second exemplaire, conserv\u00e9 par l\u2019\u00e9l\u00e8ve, pourra servir de justificatif d\u2019exp\u00e9\u00adrience professionnelle&nbsp;; Remise du livret au professeur principal.<\/li>\n\n\n\n<li>Dans un d\u00e9lai maximal de 15 jours ouvrables apr\u00e8s la fin du stage, retour de la feuille de remboursement des frais accompagn\u00e9e de la convention et l\u2019ensemble des justificatifs n\u00e9cessaires au service intendance.<\/li>\n<\/ul>\n\n\n\n<p><\/p>\n\n\n\n<h1 class=\"wp-block-heading\">Quelques recommandations<\/h1>\n\n\n\n<ol class=\"wp-block-list\">\n<li>Adaptez-vous aux r\u00e8gles de fonctionnement de l\u2019entreprise&nbsp;;<\/li>\n\n\n\n<li>Comportez-vous de fa\u00e7on courtoise&nbsp;avec toute personne que vous serez amen\u00e9s \u00e0 rencontrer&nbsp;; veillez \u00e0 utiliser un vocabulaire correct&nbsp;&nbsp;;<\/li>\n\n\n\n<li>Adoptez une tenue vestimentaire soign\u00e9e et adapt\u00e9e&nbsp;\u00e0 votre fonction&nbsp;;<\/li>\n\n\n\n<li>Faites preuve de discr\u00e9tion&nbsp;&nbsp;: aucune information relative \u00e0 l\u2019entreprise ne doit \u00eatre divulgu\u00e9e sans l\u2019autorisation d\u2019un responsable&nbsp;&nbsp;;<\/li>\n\n\n\n<li>Tirez profit des remarques que vous adresse votre tuteur&nbsp;: elles ne peuvent que vous \u00eatre profitables.<\/li>\n<\/ol>\n","protected":false},"excerpt":{"rendered":"<p>STAGE EN ENTREPRISE\u00a0: organisation de la PFMP Les P\u00e9riodes de Formation en Milieu Professionnel permettent aux \u00e9l\u00e8ves de d\u00e9couvrir la<\/p>\n","protected":false},"author":3,"featured_media":0,"parent":0,"menu_order":3,"comment_status":"closed","ping_status":"closed","template":"","meta":{"footnotes":""},"class_list":["post-312","page","type-page","status-publish","hentry"],"_links":{"self":[{"href":"https:\/\/lyceejeanmace-vitry.fr\/index.php?rest_route=\/wp\/v2\/pages\/312","targetHints":{"allow":["GET"]}}],"collection":[{"href":"https:\/\/lyceejeanmace-vitry.fr\/index.php?rest_route=\/wp\/v2\/pages"}],"about":[{"href":"https:\/\/lyceejeanmace-vitry.fr\/index.php?rest_route=\/wp\/v2\/types\/page"}],"author":[{"embeddable":true,"href":"https:\/\/lyceejeanmace-vitry.fr\/index.php?rest_route=\/wp\/v2\/users\/3"}],"replies":[{"embeddable":true,"href":"https:\/\/lyceejeanmace-vitry.fr\/index.php?rest_route=%2Fwp%2Fv2%2Fcomments&post=312"}],"version-history":[{"count":5,"href":"https:\/\/lyceejeanmace-vitry.fr\/index.php?rest_route=\/wp\/v2\/pages\/312\/revisions"}],"predecessor-version":[{"id":623,"href":"https:\/\/lyceejeanmace-vitry.fr\/index.php?rest_route=\/wp\/v2\/pages\/312\/revisions\/623"}],"wp:attachment":[{"href":"https:\/\/lyceejeanmace-vitry.fr\/index.php?rest_route=%2Fwp%2Fv2%2Fmedia&parent=312"}],"curies":[{"name":"wp","href":"https:\/\/api.w.org\/{rel}","templated":true}]}}

<p></p>



<div class="wp-block-file"><a id="wp-block-file--media-257ffdcd-5f55-4f63-8bd6-25ec2adf89e0" href="https://lyceejeanmace-vitry.fr/wp-content/uploads/2024/07/Calendrier-PFMP-Jean-Mace-Vue-densemble-2024-2025-9.pdf">Calendrier-PFMP 2024/2025</a><a href="https://lyceejeanmace-vitry.fr/wp-content/uploads/2024/07/Calendrier-PFMP-Jean-Mace-Vue-densemble-2024-2025-9.pdf" class="wp-block-file__button wp-element-button" download aria-describedby="wp-block-file--media-257ffdcd-5f55-4f63-8bd6-25ec2adf89e0">Télécharger</a></div>



<p></p>



<h2 class="wp-block-heading"><strong>STAGE EN ENTREPRISE : organisation de la PFMP</strong></h2>



<p>Les Périodes de Formation en Milieu Professionnel permettent aux élèves de découvrir la vie et la culture de l’entreprise&nbsp;tout en approfondissant des compétences professionnelles. Elles font partie intégrante des forma­tions et sont <strong>obligatoires</strong> pour l’obtention du diplôme, soit 8 semaines en CAP ELEC, 22 semaines en BAC PRO et 16 semaines en Mention Complémentaire.</p>



<p>La recherche d’une entreprise est l’affaire de tous. Equipe pédagogique, parent et surtout l’élève. Le lycée Jean Macé met tout en œuvre afin d’aider à la recherche.</p>



<h2 class="wp-block-heading">Avant la PFMP</h2>



<ul class="wp-block-list">
<li>Les professeurs principaux présentent les documents concernant l’organisation de la PFMP et divers documents réglementaires ou informatifs (<em>accord de principe,</em> <em>convention</em>, <em>livret de PFMP</em>, <em>CV et lettre de motivation</em>, <em>objectifs</em>, <em>remboursement des frais</em>…)&nbsp;La recherche de stage commence dès le mois de septembre&nbsp;;</li>



<li><strong><u>L’accord de principe</u></strong>&nbsp;: c’est l’étape préliminaire de la convention. C’est une promesse de stage qui permet de mentionner la raison sociale et l’activité de l’entreprise, les horaires, le nom du tuteur… Cette fiche est validée par le professeur de spécialité&nbsp;;</li>
</ul>



<ul class="wp-block-list">
<li>L’assistant DDFPT édite ensuite <strong><u>la convention</u></strong> en 3 exemplaires qui devront être signés successivement par le professeur référent, l’élève (ou sa famille) le tuteur en entreprise, puis le chef d’établissement. ON NE DOIT PAS COMMENCER LE STAGE SANS CE DOCUMENT DÛMENT COMPLETE.</li>



<li>Le professeur de spécialité établit et remet le livret de stage ainsi que l’équipement et les chaussures de sécurité.</li>



<li>La famille s’engage à suivre le bon déroulement de la recherche du stage.</li>
</ul>



<p></p>



<h2 class="wp-block-heading">Pendant la PFMP</h2>



<ul class="wp-block-list">
<li>Le stagiaire s’engage à signaler tout retard ou absence au lycée (DDFPT ou professeur principal) ainsi qu’à l’entreprise et à fournir un arrêt de travail, certificat médical ou convocation. Les jours d’absence de l’élève doivent impérativement, être rattrapés durant l’année avec l’accord du chef d’établissement.</li>



<li>Visite de suivi sur le terrain ou par téléphone&nbsp;: un membre de l’équipe pédagogique rencontre le tuteur afin de réaliser un premier point sur les activités de l’élève&nbsp;; les modalités de la visite d’évaluation seront définies par le professeur de spécialité&nbsp;;</li>



<li>Signature par l’entreprise de <strong><u>l’attestation de PFMP</u></strong> (à réaliser en fin de période après entretien entre le tuteur, le professeur et l’élève).</li>
</ul>



<p></p>



<h2 class="wp-block-heading">Après la PFMP</h2>



<ul class="wp-block-list">
<li>Le tuteur en entreprise remplit <strong><em>l’attestation de formation en milieu professionnel</em></strong> du livret le dernier jour du stage. Le second exemplaire, conservé par l’élève, pourra servir de justificatif d’expé­rience professionnelle&nbsp;; Remise du livret au professeur principal.</li>



<li>Dans un délai maximal de 15 jours ouvrables après la fin du stage, retour de la feuille de remboursement des frais accompagnée de la convention et l’ensemble des justificatifs nécessaires au service intendance.</li>
</ul>



<p></p>



<h1 class="wp-block-heading">Quelques recommandations</h1>



<ol class="wp-block-list">
<li>Adaptez-vous aux règles de fonctionnement de l’entreprise&nbsp;;</li>



<li>Comportez-vous de façon courtoise&nbsp;avec toute personne que vous serez amenés à rencontrer&nbsp;; veillez à utiliser un vocabulaire correct&nbsp;&nbsp;;</li>



<li>Adoptez une tenue vestimentaire soignée et adaptée&nbsp;à votre fonction&nbsp;;</li>



<li>Faites preuve de discrétion&nbsp;&nbsp;: aucune information relative à l’entreprise ne doit être divulguée sans l’autorisation d’un responsable&nbsp;&nbsp;;</li>



<li>Tirez profit des remarques que vous adresse votre tuteur&nbsp;: elles ne peuvent que vous être profitables.</li>
</ol>

<p>STAGE EN ENTREPRISE : organisation de la PFMP Les Périodes de Formation en Milieu Professionnel permettent aux élèves de découvrir la</p>
