{"id":323,"date":"2024-01-26T09:34:42","date_gmt":"2024-01-26T09:34:42","guid":{"rendered":"https:\/\/lyceejeanmace-vitry.fr\/?page_id=323"},"modified":"2024-01-26T09:36:26","modified_gmt":"2024-01-26T09:36:26","slug":"mini-stages-2024","status":"publish","type":"page","link":"https:\/\/lyceejeanmace-vitry.fr\/?page_id=323","title":{"rendered":"Mini-Stages 2024"},"content":{"rendered":"\n<p><a href=\"https:\/\/forms.gle\/Hgo95GWN1SnFLbUQ7\">Formulaire de mini-stages 2024 &#8211; \u00e0 remplir par PP ou CPE<\/a><\/p>\n\n\n\n<p>Dans le cadre du travail sur la construction du projet d&#8217;orientation post-troisi\u00e8me, le lyc\u00e9e Jean Mac\u00e9 de Vitry-sur-Seine organise des mini-stages de d\u00e9couverte non seulement de ses fili\u00e8res professionnelles :<br>-Assistance de la Gestion des Organisations et de leurs Activit\u00e9s (Anciennement Gestion Administration\u2026)<br>-M\u00e9tiers de l&#8217;\u00c9lectricit\u00e9 et de ses Environnements Connect\u00e9s<br>-Maintenance des Syst\u00e8mes de Production Connect\u00e9s<br>-Technicien en Chaudronnerie Industrielle<br>mais aussi des fili\u00e8res post-seconde GT : Sciences et Technologies de l&#8217;Industrie et du D\u00e9veloppement Durable<br><\/p>\n\n\n\n<p>Les mini-stages se d\u00e9rouleront sur la p\u00e9riode du 26 f\u00e9vrier 2024 au 05 avril 2024.<\/p>\n\n\n\n<figure class=\"wp-block-image aligncenter size-full\"><img loading=\"lazy\" decoding=\"async\" width=\"444\" height=\"487\" src=\"https:\/\/lyceejeanmace-vitry.fr\/wp-content\/uploads\/2024\/01\/image-2.png\" alt=\"\" class=\"wp-image-329\" srcset=\"https:\/\/lyceejeanmace-vitry.fr\/wp-content\/uploads\/2024\/01\/image-2.png 444w, https:\/\/lyceejeanmace-vitry.fr\/wp-content\/uploads\/2024\/01\/image-2-274x300.png 274w\" sizes=\"auto, (max-width: 444px) 100vw, 444px\" \/><\/figure>\n\n\n\n<p><br><\/p>\n\n\n\n<p>NB : Merci de ne rentrer qu&#8217;une demande par \u00e9l\u00e8ve, dans un premier temps.<\/p>\n\n\n\n<p>VOUS VEILLEREZ SVP \u00c0 UTILISER VOTRE ADRESSE MAIL @ac-creteil.fr<\/p>\n","protected":false},"excerpt":{"rendered":"<p>Formulaire de mini-stages 2024 &#8211; \u00e0 remplir par PP ou CPE Dans le cadre du travail sur la construction du<\/p>\n","protected":false},"author":3,"featured_media":0,"parent":0,"menu_order":4,"comment_status":"closed","ping_status":"closed","template":"","meta":{"footnotes":""},"class_list":["post-323","page","type-page","status-publish","hentry"],"_links":{"self":[{"href":"https:\/\/lyceejeanmace-vitry.fr\/index.php?rest_route=\/wp\/v2\/pages\/323","targetHints":{"allow":["GET"]}}],"collection":[{"href":"https:\/\/lyceejeanmace-vitry.fr\/index.php?rest_route=\/wp\/v2\/pages"}],"about":[{"href":"https:\/\/lyceejeanmace-vitry.fr\/index.php?rest_route=\/wp\/v2\/types\/page"}],"author":[{"embeddable":true,"href":"https:\/\/lyceejeanmace-vitry.fr\/index.php?rest_route=\/wp\/v2\/users\/3"}],"replies":[{"embeddable":true,"href":"https:\/\/lyceejeanmace-vitry.fr\/index.php?rest_route=%2Fwp%2Fv2%2Fcomments&post=323"}],"version-history":[{"count":3,"href":"https:\/\/lyceejeanmace-vitry.fr\/index.php?rest_route=\/wp\/v2\/pages\/323\/revisions"}],"predecessor-version":[{"id":330,"href":"https:\/\/lyceejeanmace-vitry.fr\/index.php?rest_route=\/wp\/v2\/pages\/323\/revisions\/330"}],"wp:attachment":[{"href":"https:\/\/lyceejeanmace-vitry.fr\/index.php?rest_route=%2Fwp%2Fv2%2Fmedia&parent=323"}],"curies":[{"name":"wp","href":"https:\/\/api.w.org\/{rel}","templated":true}]}}

<p><a href="https://forms.gle/Hgo95GWN1SnFLbUQ7">Formulaire de mini-stages 2024 &#8211; à remplir par PP ou CPE</a></p>



<p>Dans le cadre du travail sur la construction du projet d&#8217;orientation post-troisième, le lycée Jean Macé de Vitry-sur-Seine organise des mini-stages de découverte non seulement de ses filières professionnelles :<br>-Assistance de la Gestion des Organisations et de leurs Activités (Anciennement Gestion Administration…)<br>-Métiers de l&#8217;Électricité et de ses Environnements Connectés<br>-Maintenance des Systèmes de Production Connectés<br>-Technicien en Chaudronnerie Industrielle<br>mais aussi des filières post-seconde GT : Sciences et Technologies de l&#8217;Industrie et du Développement Durable<br></p>



<p>Les mini-stages se dérouleront sur la période du 26 février 2024 au 05 avril 2024.</p>



<figure class="wp-block-image aligncenter size-full"><img loading="lazy" decoding="async" width="444" height="487" src="https://lyceejeanmace-vitry.fr/wp-content/uploads/2024/01/image-2.png" alt="" class="wp-image-329" srcset="https://lyceejeanmace-vitry.fr/wp-content/uploads/2024/01/image-2.png 444w, https://lyceejeanmace-vitry.fr/wp-content/uploads/2024/01/image-2-274x300.png 274w" sizes="auto, (max-width: 444px) 100vw, 444px" /></figure>



<p><br></p>



<p>NB : Merci de ne rentrer qu&#8217;une demande par élève, dans un premier temps.</p>



<p>VOUS VEILLEREZ SVP À UTILISER VOTRE ADRESSE MAIL @ac-creteil.fr</p>

<p>Formulaire de mini-stages 2024 &#8211; à remplir par PP ou CPE Dans le cadre du travail sur la construction du</p>
