{"id":357,"date":"2024-02-03T10:40:01","date_gmt":"2024-02-03T10:40:01","guid":{"rendered":"https:\/\/lyceejeanmace-vitry.fr\/?page_id=357"},"modified":"2024-02-03T10:55:12","modified_gmt":"2024-02-03T10:55:12","slug":"post-bac","status":"publish","type":"page","link":"https:\/\/lyceejeanmace-vitry.fr\/?page_id=357","title":{"rendered":"Post BAC"},"content":{"rendered":"\n<p>Le lyc\u00e9e Jean Mac\u00e9 poss\u00e8de de nombreuses fili\u00e8res dans le sup\u00e9rieur : <\/p>\n\n\n\n<ul class=\"wp-block-list\">\n<li><a href=\"https:\/\/lyceejeanmace-vitry.fr\/?page_id=169\">BTS Comptabilit\u00e9 Gestion (CG)<\/a><br><\/li>\n\n\n\n<li><a href=\"https:\/\/lyceejeanmace-vitry.fr\/?page_id=179\">BTS Conception et R\u00e9alisation en Chaudronnerie Industrielle (CRCI)<\/a><br><\/li>\n\n\n\n<li><a href=\"https:\/\/lyceejeanmace-vitry.fr\/?page_id=181\">BTS Conseil et Commercialisation de Solutions Techniques (CCST)<\/a><br><\/li>\n\n\n\n<li><a href=\"https:\/\/lyceejeanmace-vitry.fr\/?page_id=183\">BTS \u00c9lectrotechnique (ET) en apprentissage<\/a><br><\/li>\n\n\n\n<li><a href=\"https:\/\/lyceejeanmace-vitry.fr\/?page_id=187\">BTS Management Commercial Op\u00e9rationnel (MCO)<\/a><br><\/li>\n\n\n\n<li><a href=\"https:\/\/lyceejeanmace-vitry.fr\/?page_id=185\">BTS Maintenance des Syst\u00e8mes (MS)<\/a><br><\/li>\n\n\n\n<li><a href=\"https:\/\/lyceejeanmace-vitry.fr\/?page_id=177\">Mention Compl\u00e9mentaire \u2013 Technicien en Soudure<\/a><br><br><\/li>\n<\/ul>\n","protected":false},"excerpt":{"rendered":"<p>Le lyc\u00e9e Jean Mac\u00e9 poss\u00e8de de nombreuses fili\u00e8res dans le sup\u00e9rieur :<\/p>\n","protected":false},"author":3,"featured_media":0,"parent":0,"menu_order":2,"comment_status":"closed","ping_status":"closed","template":"","meta":{"footnotes":""},"class_list":["post-357","page","type-page","status-publish","hentry"],"_links":{"self":[{"href":"https:\/\/lyceejeanmace-vitry.fr\/index.php?rest_route=\/wp\/v2\/pages\/357","targetHints":{"allow":["GET"]}}],"collection":[{"href":"https:\/\/lyceejeanmace-vitry.fr\/index.php?rest_route=\/wp\/v2\/pages"}],"about":[{"href":"https:\/\/lyceejeanmace-vitry.fr\/index.php?rest_route=\/wp\/v2\/types\/page"}],"author":[{"embeddable":true,"href":"https:\/\/lyceejeanmace-vitry.fr\/index.php?rest_route=\/wp\/v2\/users\/3"}],"replies":[{"embeddable":true,"href":"https:\/\/lyceejeanmace-vitry.fr\/index.php?rest_route=%2Fwp%2Fv2%2Fcomments&post=357"}],"version-history":[{"count":3,"href":"https:\/\/lyceejeanmace-vitry.fr\/index.php?rest_route=\/wp\/v2\/pages\/357\/revisions"}],"predecessor-version":[{"id":363,"href":"https:\/\/lyceejeanmace-vitry.fr\/index.php?rest_route=\/wp\/v2\/pages\/357\/revisions\/363"}],"wp:attachment":[{"href":"https:\/\/lyceejeanmace-vitry.fr\/index.php?rest_route=%2Fwp%2Fv2%2Fmedia&parent=357"}],"curies":[{"name":"wp","href":"https:\/\/api.w.org\/{rel}","templated":true}]}}