{"id":373,"date":"2024-02-03T11:13:13","date_gmt":"2024-02-03T11:13:13","guid":{"rendered":"https:\/\/lyceejeanmace-vitry.fr\/?page_id=373"},"modified":"2024-02-03T11:19:01","modified_gmt":"2024-02-03T11:19:01","slug":"les-filieres","status":"publish","type":"page","link":"https:\/\/lyceejeanmace-vitry.fr\/?page_id=373","title":{"rendered":"Les fili\u00e8res"},"content":{"rendered":"\n<p>Le lyc\u00e9e Jean Mac\u00e9 propose de nombreuses fili\u00e8res :<\/p>\n\n\n\n<ul class=\"wp-block-list\">\n<li><a href=\"https:\/\/lyceejeanmace-vitry.fr\/?page_id=375\">G\u00e9n\u00e9rale et technologique<\/a><br><br><\/li>\n\n\n\n<li><a href=\"https:\/\/lyceejeanmace-vitry.fr\/?page_id=364\">Professionnelle<\/a><br><br><\/li>\n\n\n\n<li><a href=\"https:\/\/lyceejeanmace-vitry.fr\/?page_id=357\">POST BAC<\/a><\/li>\n<\/ul>\n\n\n\n<p><\/p>\n","protected":false},"excerpt":{"rendered":"<p>Le lyc\u00e9e Jean Mac\u00e9 propose de nombreuses fili\u00e8res :<\/p>\n","protected":false},"author":3,"featured_media":0,"parent":0,"menu_order":0,"comment_status":"closed","ping_status":"closed","template":"","meta":{"footnotes":""},"class_list":["post-373","page","type-page","status-publish","hentry"],"_links":{"self":[{"href":"https:\/\/lyceejeanmace-vitry.fr\/index.php?rest_route=\/wp\/v2\/pages\/373","targetHints":{"allow":["GET"]}}],"collection":[{"href":"https:\/\/lyceejeanmace-vitry.fr\/index.php?rest_route=\/wp\/v2\/pages"}],"about":[{"href":"https:\/\/lyceejeanmace-vitry.fr\/index.php?rest_route=\/wp\/v2\/types\/page"}],"author":[{"embeddable":true,"href":"https:\/\/lyceejeanmace-vitry.fr\/index.php?rest_route=\/wp\/v2\/users\/3"}],"replies":[{"embeddable":true,"href":"https:\/\/lyceejeanmace-vitry.fr\/index.php?rest_route=%2Fwp%2Fv2%2Fcomments&post=373"}],"version-history":[{"count":2,"href":"https:\/\/lyceejeanmace-vitry.fr\/index.php?rest_route=\/wp\/v2\/pages\/373\/revisions"}],"predecessor-version":[{"id":380,"href":"https:\/\/lyceejeanmace-vitry.fr\/index.php?rest_route=\/wp\/v2\/pages\/373\/revisions\/380"}],"wp:attachment":[{"href":"https:\/\/lyceejeanmace-vitry.fr\/index.php?rest_route=%2Fwp%2Fv2%2Fmedia&parent=373"}],"curies":[{"name":"wp","href":"https:\/\/api.w.org\/{rel}","templated":true}]}}