{"id":563,"date":"2024-06-14T07:41:28","date_gmt":"2024-06-14T07:41:28","guid":{"rendered":"https:\/\/lyceejeanmace-vitry.fr\/?page_id=563"},"modified":"2024-06-14T07:50:22","modified_gmt":"2024-06-14T07:50:22","slug":"les-trois-sites-du-lycee","status":"publish","type":"page","link":"https:\/\/lyceejeanmace-vitry.fr\/?page_id=563","title":{"rendered":"Les trois sites du lyc\u00e9e"},"content":{"rendered":"\n<p><\/p>\n\n\n\n<h4 class=\"wp-block-heading\">L<strong>e site  Jules<\/strong> F<strong>erry<\/strong><\/h4>\n\n\n\n<p>Le Site Jules Ferry est le site principal du lyc\u00e9e Jean Mac\u00e9.<\/p>\n\n\n\n<p>Il est situ\u00e9 au 34 rue Jules Ferry \u00e0 Vitry sur Seine, \u00e0 c\u00f4t\u00e9 de la Gare de Vitry sur Seine.<\/p>\n\n\n\n<p>Il accueille tous les \u00e9l\u00e8ves du lyc\u00e9e, pour :<br>Les enseignements des fili\u00e8res g\u00e9n\u00e9rales, de la fili\u00e8re technologique.<br>Les enseignements g\u00e9n\u00e9raux de la fili\u00e8re technologique.<br>La plupart des enseignements g\u00e9n\u00e9raux des sections professionnelles.<\/p>\n\n\n\n<p>Il accueille aussi les Services Administratifs, les Services d\u2019Intendance, le Service M\u00e9dico-Social, le CDI, le Restaurant Scolaire et la Maison des Lyc\u00e9ens\u2026<\/p>\n\n\n\n<iframe src=\"https:\/\/www.google.com\/maps\/embed?pb=!1m18!1m12!1m3!1d929.1262364652424!2d2.3999997211779083!3d48.801634551627124!2m3!1f0!2f0!3f0!3m2!1i1024!2i768!4f13.1!3m3!1m2!1s0x47e673ba79d970f9%3A0x9ff5c65364a169b!2sLyc%C3%A9e%20Polyvalent%20Jean%20Mac%C3%A9!5e0!3m2!1sfr!2sfr!4v1718350194521!5m2!1sfr!2sfr\" width=\"600\" height=\"450\" style=\"border:0;\" allowfullscreen=\"\" loading=\"lazy\" referrerpolicy=\"no-referrer-when-downgrade\"><\/iframe>\n\n\n\n<p><\/p>\n\n\n\n<h4 class=\"wp-block-heading\">L<strong>e site Jean Tremoulet<\/strong><\/h4>\n\n\n\n<p>Ce site accueille les \u00e9l\u00e8ves des sections des M\u00e9tiers de la Maintenance Industrielle et de l\u2019Electrotechnique ainsi que les enseignements technologiques de la section technologique STI2D et de la section g\u00e9n\u00e9rale sp\u00e9cialit\u00e9 SI.<br><\/p>\n\n\n\n<iframe src=\"https:\/\/www.google.com\/maps\/embed?pb=!1m18!1m12!1m3!1d4682.303888603745!2d2.3921891799280646!3d48.80376250021602!2m3!1f0!2f0!3f0!3m2!1i1024!2i768!4f13.1!3m3!1m2!1s0x47e67320b6874465%3A0x20af8bacea37c055!2sLyc%C3%A9e%20Polyvalent%20Jean%20Mac%C3%A9%2C%20Site%20Jean%20Tremoulet!5e0!3m2!1sfr!2sfr!4v1718350109981!5m2!1sfr!2sfr\" width=\"600\" height=\"450\" style=\"border:0;\" allowfullscreen=\"\" loading=\"lazy\" referrerpolicy=\"no-referrer-when-downgrade\"><\/iframe>\n\n\n\n<p><\/p>\n\n\n\n<h4 class=\"wp-block-heading\"><strong>Le site Pierre Semard<\/strong><\/h4>\n\n\n\n<p>Ce site accueille les \u00e9l\u00e8ves des sections des M\u00e9tiers de la M\u00e9tallurgie, ainsi que le Microlyc\u00e9e du Val de Marne et le CERGE.<\/p>\n\n\n\n<p>Le P\u00f4le Chaudronnerie Industrielle<\/p>\n\n\n\n<p>Le Microlyc\u00e9e 94<\/p>\n\n\n\n<p>Depuis septembre 2008, structure scolaire publique exp\u00e9rimentale qui s\u2019adresse \u00e0 des jeunes d\u00e9crocheurs souhaitant reprendre leurs \u00e9tudes et pr\u00e9parer le baccalaur\u00e9at.<\/p>\n\n\n\n<p>Le CERGE<\/p>\n\n\n\n<p>Centre de Ressources en G\u00e9nie Electrique re\u00e7oit plus de 3000 \u00e9l\u00e8ves chaque ann\u00e9e, des trois acad\u00e9mies fr\u00e9quent\u00e9es (Cr\u00e9teil, Paris et Versailles).<\/p>\n\n\n\n<iframe src=\"https:\/\/www.google.com\/maps\/embed?pb=!1m18!1m12!1m3!1d929.1372718790009!2d2.402021174767537!3d48.80103883896832!2m3!1f0!2f0!3f0!3m2!1i1024!2i768!4f13.1!3m3!1m2!1s0x47e673a6bf96c7bf%3A0xe1cd1c32aa96d91a!2zTHljw6llIEplYW4gTWFjw6k!5e0!3m2!1sfr!2sfr!4v1718350232019!5m2!1sfr!2sfr\" width=\"600\" height=\"450\" style=\"border:0;\" allowfullscreen=\"\" loading=\"lazy\" referrerpolicy=\"no-referrer-when-downgrade\"><\/iframe>\n\n\n\n<p><\/p>\n","protected":false},"excerpt":{"rendered":"<p>Le site Jules Ferry Le Site Jules Ferry est le site principal du lyc\u00e9e Jean Mac\u00e9. Il est situ\u00e9 au<\/p>\n","protected":false},"author":3,"featured_media":0,"parent":0,"menu_order":1,"comment_status":"closed","ping_status":"closed","template":"","meta":{"footnotes":""},"class_list":["post-563","page","type-page","status-publish","hentry"],"_links":{"self":[{"href":"https:\/\/lyceejeanmace-vitry.fr\/index.php?rest_route=\/wp\/v2\/pages\/563","targetHints":{"allow":["GET"]}}],"collection":[{"href":"https:\/\/lyceejeanmace-vitry.fr\/index.php?rest_route=\/wp\/v2\/pages"}],"about":[{"href":"https:\/\/lyceejeanmace-vitry.fr\/index.php?rest_route=\/wp\/v2\/types\/page"}],"author":[{"embeddable":true,"href":"https:\/\/lyceejeanmace-vitry.fr\/index.php?rest_route=\/wp\/v2\/users\/3"}],"replies":[{"embeddable":true,"href":"https:\/\/lyceejeanmace-vitry.fr\/index.php?rest_route=%2Fwp%2Fv2%2Fcomments&post=563"}],"version-history":[{"count":5,"href":"https:\/\/lyceejeanmace-vitry.fr\/index.php?rest_route=\/wp\/v2\/pages\/563\/revisions"}],"predecessor-version":[{"id":570,"href":"https:\/\/lyceejeanmace-vitry.fr\/index.php?rest_route=\/wp\/v2\/pages\/563\/revisions\/570"}],"wp:attachment":[{"href":"https:\/\/lyceejeanmace-vitry.fr\/index.php?rest_route=%2Fwp%2Fv2%2Fmedia&parent=563"}],"curies":[{"name":"wp","href":"https:\/\/api.w.org\/{rel}","templated":true}]}}

Les trois sites du lycée

<p></p>



<h4 class="wp-block-heading">L<strong>e site  Jules</strong> F<strong>erry</strong></h4>



<p>Le Site Jules Ferry est le site principal du lycée Jean Macé.</p>



<p>Il est situé au 34 rue Jules Ferry à Vitry sur Seine, à côté de la Gare de Vitry sur Seine.</p>



<p>Il accueille tous les élèves du lycée, pour :<br>Les enseignements des filières générales, de la filière technologique.<br>Les enseignements généraux de la filière technologique.<br>La plupart des enseignements généraux des sections professionnelles.</p>



<p>Il accueille aussi les Services Administratifs, les Services d’Intendance, le Service Médico-Social, le CDI, le Restaurant Scolaire et la Maison des Lycéens…</p>



<iframe src="https://www.google.com/maps/embed?pb=!1m18!1m12!1m3!1d929.1262364652424!2d2.3999997211779083!3d48.801634551627124!2m3!1f0!2f0!3f0!3m2!1i1024!2i768!4f13.1!3m3!1m2!1s0x47e673ba79d970f9%3A0x9ff5c65364a169b!2sLyc%C3%A9e%20Polyvalent%20Jean%20Mac%C3%A9!5e0!3m2!1sfr!2sfr!4v1718350194521!5m2!1sfr!2sfr" width="600" height="450" style="border:0;" allowfullscreen="" loading="lazy" referrerpolicy="no-referrer-when-downgrade"></iframe>



<p></p>



<h4 class="wp-block-heading">L<strong>e site Jean Tremoulet</strong></h4>



<p>Ce site accueille les élèves des sections des Métiers de la Maintenance Industrielle et de l’Electrotechnique ainsi que les enseignements technologiques de la section technologique STI2D et de la section générale spécialité SI.<br></p>



<iframe src="https://www.google.com/maps/embed?pb=!1m18!1m12!1m3!1d4682.303888603745!2d2.3921891799280646!3d48.80376250021602!2m3!1f0!2f0!3f0!3m2!1i1024!2i768!4f13.1!3m3!1m2!1s0x47e67320b6874465%3A0x20af8bacea37c055!2sLyc%C3%A9e%20Polyvalent%20Jean%20Mac%C3%A9%2C%20Site%20Jean%20Tremoulet!5e0!3m2!1sfr!2sfr!4v1718350109981!5m2!1sfr!2sfr" width="600" height="450" style="border:0;" allowfullscreen="" loading="lazy" referrerpolicy="no-referrer-when-downgrade"></iframe>



<p></p>



<h4 class="wp-block-heading"><strong>Le site Pierre Semard</strong></h4>



<p>Ce site accueille les élèves des sections des Métiers de la Métallurgie, ainsi que le Microlycée du Val de Marne et le CERGE.</p>



<p>Le Pôle Chaudronnerie Industrielle</p>



<p>Le Microlycée 94</p>



<p>Depuis septembre 2008, structure scolaire publique expérimentale qui s’adresse à des jeunes décrocheurs souhaitant reprendre leurs études et préparer le baccalauréat.</p>



<p>Le CERGE</p>



<p>Centre de Ressources en Génie Electrique reçoit plus de 3000 élèves chaque année, des trois académies fréquentées (Créteil, Paris et Versailles).</p>



<iframe src="https://www.google.com/maps/embed?pb=!1m18!1m12!1m3!1d929.1372718790009!2d2.402021174767537!3d48.80103883896832!2m3!1f0!2f0!3f0!3m2!1i1024!2i768!4f13.1!3m3!1m2!1s0x47e673a6bf96c7bf%3A0xe1cd1c32aa96d91a!2zTHljw6llIEplYW4gTWFjw6k!5e0!3m2!1sfr!2sfr!4v1718350232019!5m2!1sfr!2sfr" width="600" height="450" style="border:0;" allowfullscreen="" loading="lazy" referrerpolicy="no-referrer-when-downgrade"></iframe>



<p></p>

<p>Le site Jules Ferry Le Site Jules Ferry est le site principal du lycée Jean Macé. Il est situé au</p>
