{"id":80,"date":"2023-09-29T16:08:36","date_gmt":"2023-09-29T16:08:36","guid":{"rendered":"https:\/\/lyceejeanmace-vitry.fr\/?page_id=80"},"modified":"2024-02-03T11:09:39","modified_gmt":"2024-02-03T11:09:39","slug":"le-lycee","status":"publish","type":"page","link":"https:\/\/lyceejeanmace-vitry.fr\/?page_id=80","title":{"rendered":"Le lyc\u00e9e"},"content":{"rendered":"\n<p>Le Lyc\u00e9e Polyvalent Jean Mac\u00e9, Lyc\u00e9e des M\u00e9tiers de la M\u00e9tallurgie, de l\u2019\u00c9lectrotechnique et de la Maintenance Industrielle, se situe au centre-ville de Vitry sur Seine, \u00e0 quelques minutes \u00e0 pied de la Gare.<\/p>\n\n\n\n<p>L\u2019\u00e9tablissement accueille 1750 \u00e9l\u00e8ves, \u00e9tudiants et apprentis dans ses diff\u00e9rentes fili\u00e8res g\u00e9n\u00e9rales, technologiques, professionnelles et le Microlyc\u00e9e 94.<\/p>\n\n\n\n<p>Une des particularit\u00e9 de cet \u00e9tablissement est qu\u2019il poss\u00e8de trois sites diff\u00e9rents.<\/p>\n\n\n\n<p><strong>Le Site Jules Ferry est le site principal du lyc\u00e9e Jean Mac\u00e9.<\/strong>&nbsp;<\/p>\n\n\n\n<p>Il est situ\u00e9 au 34 rue Jules Ferry \u00e0 Vitry sur Seine, \u00e0 c\u00f4t\u00e9 de la Gare de Vitry sur Seine.<\/p>\n\n\n\n<p>Il <strong>accueille tous les \u00e9l\u00e8ves du lyc\u00e9e<\/strong>, pour&nbsp;:<\/p>\n\n\n\n<ul class=\"wp-block-list\">\n<li>Les enseignements des fili\u00e8res g\u00e9n\u00e9rales, de la fili\u00e8re technologique (STMG), des STS Tertiaires (CG, MCO) et de la STS CSST.<\/li>\n\n\n\n<li>Les enseignements g\u00e9n\u00e9raux de la fili\u00e8re technologique STI2D et des STS Industriels (MS, CRCI).<\/li>\n\n\n\n<li>Les enseignements de la section professionnelle GA.<\/li>\n\n\n\n<li>La plupart des enseignements g\u00e9n\u00e9raux des sections professionnelles MSPC, MELEC, et TCI .<\/li>\n<\/ul>\n\n\n\n<p>Il accueille aussi les Services Administratifs, les Services d\u2019Intendance, le Service M\u00e9dico-Social, le CDI, le Restaurant Scolaire et la Maison des Lyc\u00e9ens&#8230;<\/p>\n\n\n\n<hr class=\"wp-block-separator has-alpha-channel-opacity\"\/>\n\n\n\n<p><strong>Le Site Jean Tr\u00e9moulet est un site annexe du lyc\u00e9e Jean Mac\u00e9.<\/strong>&nbsp;<\/p>\n\n\n\n<p>Il est situ\u00e9 au 13 rue Jean Baptiste Renoult \u00e0 Ivry sur Seine.<a href=\"https:\/\/web.archive.org\/web\/20220628030912\/https:\/\/lyceejeanmace-vitry.fr\/IMG\/jpg\/vitrysslyjmacelamotou-3.jpg\"><\/a><strong>Site Tr\u00e9moulet<\/strong><\/p>\n\n\n\n<p>Ce site accueille les \u00e9l\u00e8ves des sections des M\u00e9tiers de la Maintenance Industrielle et de l\u2019\u00c9lectrotechnique ainsi que les <strong>enseignements technologiques<\/strong> de la section technologique STI2D et de la section g\u00e9n\u00e9rale scientifique S-SI.<\/p>\n\n\n\n<p><strong>Le P\u00f4le Maintenance <\/strong><strong>Industrielle<\/strong><strong>\u200b\u200b\u200b<\/strong>&nbsp;<\/p>\n\n\n\n<ul class=\"wp-block-list\">\n<li>Bac Pro MSPC &#8211; Maintenance des Syst\u00e8mes de Production Connect\u00e9es&nbsp;;<\/li>\n\n\n\n<li>BTS MS &#8211; Maintenance des Syst\u00e8mes&nbsp;;<\/li>\n<\/ul>\n\n\n\n<p><strong>Le P\u00f4le \u00c9lectrotechnique<\/strong>&nbsp;<\/p>\n\n\n\n<ul class=\"wp-block-list\">\n<li>Bac Pro MELEC &#8211; M\u00e9tiers de l\u2019\u00c9lectricit\u00e9 et de ses Environnements Connect\u00e9s<\/li>\n\n\n\n<li>CAP \u00c9lectricien en 1 an&nbsp;;&nbsp;<\/li>\n\n\n\n<li>BTS ETT &#8211; Electrotechnique (en alternance par apprentissage).<\/li>\n<\/ul>\n\n\n\n<hr class=\"wp-block-separator has-alpha-channel-opacity\"\/>\n\n\n\n<p><strong>Le Site Pierre S\u00e9mard est un site annexe du lyc\u00e9e Jean Mac\u00e9.<\/strong>&nbsp;<\/p>\n\n\n\n<p>Il est situ\u00e9 au 30 rue Pierre S\u00e9mard \u00e0 Vitry sur Seine, de l\u2019autre c\u00f4t\u00e9 de la Gare de Vitry sur Seine.<a href=\"https:\/\/web.archive.org\/web\/20220628030912\/https:\/\/lyceejeanmace-vitry.fr\/IMG\/png\/semard.png\"><\/a><strong>Site S\u00e9mard<\/strong><\/p>\n\n\n\n<p>Ce site accueille les \u00e9l\u00e8ves des sections des <strong>M\u00e9tiers de la M\u00e9tallurgie<\/strong>, ainsi que le <strong>Microlyc\u00e9e du Val de Marne<\/strong>.<\/p>\n\n\n\n<p><strong>Le P\u00f4le Chaudronnerie Industrielle<\/strong>&nbsp;<\/p>\n\n\n\n<ul class=\"wp-block-list\">\n<li>BAC PRO TCI&nbsp;: Technicien en Chaudronnerie Industrielle&nbsp;;<\/li>\n\n\n\n<li>BTS CRCI&nbsp;: Conception et R\u00e9alisation en Chaudronnerie Industrielle&nbsp;;<\/li>\n\n\n\n<li>MC &#8211; TS&nbsp;: Mention compl\u00e9mentaire Technicien Soudeur<\/li>\n<\/ul>\n\n\n\n<p><strong>Le Microlyc\u00e9e 94<\/strong><\/p>\n\n\n\n<p>Depuis septembre 2008, structure scolaire publique exp\u00e9rimentale qui s\u2019adresse \u00e0 des jeunes d\u00e9crocheurs souhaitant reprendre leurs \u00e9tudes et pr\u00e9parer le baccalaur\u00e9at. <strong>Le CERGE<\/strong><\/p>\n\n\n\n<p>Centre de Ressources en G\u00e9nie \u00c9lectrique re\u00e7oit plus de 3000 \u00e9l\u00e8ves chaque ann\u00e9e, des trois acad\u00e9mies fr\u00e9quent\u00e9es (Cr\u00e9teil, Paris et Versailles).<\/p>\n","protected":false},"excerpt":{"rendered":"<p>Le Lyc\u00e9e Polyvalent Jean Mac\u00e9, Lyc\u00e9e des M\u00e9tiers de la M\u00e9tallurgie, de l\u2019\u00c9lectrotechnique et de la Maintenance Industrielle, se situe<\/p>\n","protected":false},"author":3,"featured_media":0,"parent":0,"menu_order":1,"comment_status":"closed","ping_status":"closed","template":"","meta":{"footnotes":""},"class_list":["post-80","page","type-page","status-publish","hentry"],"_links":{"self":[{"href":"https:\/\/lyceejeanmace-vitry.fr\/index.php?rest_route=\/wp\/v2\/pages\/80","targetHints":{"allow":["GET"]}}],"collection":[{"href":"https:\/\/lyceejeanmace-vitry.fr\/index.php?rest_route=\/wp\/v2\/pages"}],"about":[{"href":"https:\/\/lyceejeanmace-vitry.fr\/index.php?rest_route=\/wp\/v2\/types\/page"}],"author":[{"embeddable":true,"href":"https:\/\/lyceejeanmace-vitry.fr\/index.php?rest_route=\/wp\/v2\/users\/3"}],"replies":[{"embeddable":true,"href":"https:\/\/lyceejeanmace-vitry.fr\/index.php?rest_route=%2Fwp%2Fv2%2Fcomments&post=80"}],"version-history":[{"count":7,"href":"https:\/\/lyceejeanmace-vitry.fr\/index.php?rest_route=\/wp\/v2\/pages\/80\/revisions"}],"predecessor-version":[{"id":372,"href":"https:\/\/lyceejeanmace-vitry.fr\/index.php?rest_route=\/wp\/v2\/pages\/80\/revisions\/372"}],"wp:attachment":[{"href":"https:\/\/lyceejeanmace-vitry.fr\/index.php?rest_route=%2Fwp%2Fv2%2Fmedia&parent=80"}],"curies":[{"name":"wp","href":"https:\/\/api.w.org\/{rel}","templated":true}]}}

Le lycée

<p>Le Lycée Polyvalent Jean Macé, Lycée des Métiers de la Métallurgie, de l’Électrotechnique et de la Maintenance Industrielle, se situe au centre-ville de Vitry sur Seine, à quelques minutes à pied de la Gare.</p>



<p>L’établissement accueille 1750 élèves, étudiants et apprentis dans ses différentes filières générales, technologiques, professionnelles et le Microlycée 94.</p>



<p>Une des particularité de cet établissement est qu’il possède trois sites différents.</p>



<p><strong>Le Site Jules Ferry est le site principal du lycée Jean Macé.</strong>&nbsp;</p>



<p>Il est situé au 34 rue Jules Ferry à Vitry sur Seine, à côté de la Gare de Vitry sur Seine.</p>



<p>Il <strong>accueille tous les élèves du lycée</strong>, pour&nbsp;:</p>



<ul class="wp-block-list">
<li>Les enseignements des filières générales, de la filière technologique (STMG), des STS Tertiaires (CG, MCO) et de la STS CSST.</li>



<li>Les enseignements généraux de la filière technologique STI2D et des STS Industriels (MS, CRCI).</li>



<li>Les enseignements de la section professionnelle GA.</li>



<li>La plupart des enseignements généraux des sections professionnelles MSPC, MELEC, et TCI .</li>
</ul>



<p>Il accueille aussi les Services Administratifs, les Services d’Intendance, le Service Médico-Social, le CDI, le Restaurant Scolaire et la Maison des Lycéens&#8230;</p>



<hr class="wp-block-separator has-alpha-channel-opacity"/>



<p><strong>Le Site Jean Trémoulet est un site annexe du lycée Jean Macé.</strong>&nbsp;</p>



<p>Il est situé au 13 rue Jean Baptiste Renoult à Ivry sur Seine.<a href="https://web.archive.org/web/20220628030912/https://lyceejeanmace-vitry.fr/IMG/jpg/vitrysslyjmacelamotou-3.jpg"></a><strong>Site Trémoulet</strong></p>



<p>Ce site accueille les élèves des sections des Métiers de la Maintenance Industrielle et de l’Électrotechnique ainsi que les <strong>enseignements technologiques</strong> de la section technologique STI2D et de la section générale scientifique S-SI.</p>



<p><strong>Le Pôle Maintenance </strong><strong>Industrielle</strong><strong>​​​</strong>&nbsp;</p>



<ul class="wp-block-list">
<li>Bac Pro MSPC &#8211; Maintenance des Systèmes de Production Connectées&nbsp;;</li>



<li>BTS MS &#8211; Maintenance des Systèmes&nbsp;;</li>
</ul>



<p><strong>Le Pôle Électrotechnique</strong>&nbsp;</p>



<ul class="wp-block-list">
<li>Bac Pro MELEC &#8211; Métiers de l’Électricité et de ses Environnements Connectés</li>



<li>CAP Électricien en 1 an&nbsp;;&nbsp;</li>



<li>BTS ETT &#8211; Electrotechnique (en alternance par apprentissage).</li>
</ul>



<hr class="wp-block-separator has-alpha-channel-opacity"/>



<p><strong>Le Site Pierre Sémard est un site annexe du lycée Jean Macé.</strong>&nbsp;</p>



<p>Il est situé au 30 rue Pierre Sémard à Vitry sur Seine, de l’autre côté de la Gare de Vitry sur Seine.<a href="https://web.archive.org/web/20220628030912/https://lyceejeanmace-vitry.fr/IMG/png/semard.png"></a><strong>Site Sémard</strong></p>



<p>Ce site accueille les élèves des sections des <strong>Métiers de la Métallurgie</strong>, ainsi que le <strong>Microlycée du Val de Marne</strong>.</p>



<p><strong>Le Pôle Chaudronnerie Industrielle</strong>&nbsp;</p>



<ul class="wp-block-list">
<li>BAC PRO TCI&nbsp;: Technicien en Chaudronnerie Industrielle&nbsp;;</li>



<li>BTS CRCI&nbsp;: Conception et Réalisation en Chaudronnerie Industrielle&nbsp;;</li>



<li>MC &#8211; TS&nbsp;: Mention complémentaire Technicien Soudeur</li>
</ul>



<p><strong>Le Microlycée 94</strong></p>



<p>Depuis septembre 2008, structure scolaire publique expérimentale qui s’adresse à des jeunes décrocheurs souhaitant reprendre leurs études et préparer le baccalauréat. <strong>Le CERGE</strong></p>



<p>Centre de Ressources en Génie Électrique reçoit plus de 3000 élèves chaque année, des trois académies fréquentées (Créteil, Paris et Versailles).</p>

<p>Le Lycée Polyvalent Jean Macé, Lycée des Métiers de la Métallurgie, de l’Électrotechnique et de la Maintenance Industrielle, se situe</p>
