{"id":815,"date":"2025-03-07T11:29:12","date_gmt":"2025-03-07T11:29:12","guid":{"rendered":"https:\/\/lyceejeanmace-vitry.fr\/?page_id=815"},"modified":"2025-03-07T11:32:03","modified_gmt":"2025-03-07T11:32:03","slug":"inscriptions","status":"publish","type":"page","link":"https:\/\/lyceejeanmace-vitry.fr\/?page_id=815","title":{"rendered":"Inscriptions"},"content":{"rendered":"\n<p><strong>Les inscriptions en 2nde Pro et g\u00e9n\u00e9rale et technologique au lyc\u00e9e Jean Mac\u00e9 auront lieu les samedi 28 juin matin, lundi 30 et mardi 31 (horaires \u00e0 venir).<\/strong><br><br><strong><u>Pi\u00e8ces \u00e0 joindre pour les dossiers d\u2019inscriptions des 2<sup>ndes<\/sup> GENERALES et PROFESSIONNELLES\u00a0:<\/u><\/strong><\/p>\n\n\n\n<ul class=\"wp-block-list\">\n<li>L&#8217;avis d&#8217;affectation au lyc\u00e9e Jean Mac\u00e9 d\u00e9livr\u00e9 le 27 juin par le coll\u00e8ge d&#8217;origine<\/li>\n\n\n\n<li>Un Exeat (d\u00e9livr\u00e9 aussi par le coll\u00e8ge)<\/li>\n\n\n\n<li>\u00a0La photocopie du livret de famille (toutes les pages) ou extrait d&#8217;acte de naissance naissance<\/li>\n\n\n\n<li>La photocopie des bulletins de l\u2019ann\u00e9e scolaire 2024\/2025<\/li>\n\n\n\n<li>Lettre de motivation en anglais (uniquement pour les \u00e9l\u00e8ves candidats \u00e0 la section europ\u00e9enne de la 2nde GT)<\/li>\n\n\n\n<li>2 photos d\u2019identit\u00e9 r\u00e9centes<\/li>\n\n\n\n<li>Un justificatif de domicile<\/li>\n\n\n\n<li>La photocopie des pages vaccinations du carnet de sant\u00e9<\/li>\n\n\n\n<li>La photocopie de la carte d\u2019indent\u00e9 ou du passeport<\/li>\n\n\n\n<li>Attestation de restauration scolaire (document R\u00e9gion\/CAF projet EquiTables)<\/li>\n\n\n\n<li>Un relev\u00e9 d\u2019identit\u00e9 bancaire (RIB) \u00e0 votre nom du parent demandant la bourse<\/li>\n\n\n\n<li>Attestation d\u2019assurance scolaire<\/li>\n<\/ul>\n\n\n\n<p><\/p>\n","protected":false},"excerpt":{"rendered":"<p>Les inscriptions en 2nde Pro et g\u00e9n\u00e9rale et technologique au lyc\u00e9e Jean Mac\u00e9 auront lieu les samedi 28 juin matin,<\/p>\n","protected":false},"author":3,"featured_media":0,"parent":0,"menu_order":0,"comment_status":"closed","ping_status":"closed","template":"","meta":{"footnotes":""},"class_list":["post-815","page","type-page","status-publish","hentry"],"_links":{"self":[{"href":"https:\/\/lyceejeanmace-vitry.fr\/index.php?rest_route=\/wp\/v2\/pages\/815","targetHints":{"allow":["GET"]}}],"collection":[{"href":"https:\/\/lyceejeanmace-vitry.fr\/index.php?rest_route=\/wp\/v2\/pages"}],"about":[{"href":"https:\/\/lyceejeanmace-vitry.fr\/index.php?rest_route=\/wp\/v2\/types\/page"}],"author":[{"embeddable":true,"href":"https:\/\/lyceejeanmace-vitry.fr\/index.php?rest_route=\/wp\/v2\/users\/3"}],"replies":[{"embeddable":true,"href":"https:\/\/lyceejeanmace-vitry.fr\/index.php?rest_route=%2Fwp%2Fv2%2Fcomments&post=815"}],"version-history":[{"count":2,"href":"https:\/\/lyceejeanmace-vitry.fr\/index.php?rest_route=\/wp\/v2\/pages\/815\/revisions"}],"predecessor-version":[{"id":822,"href":"https:\/\/lyceejeanmace-vitry.fr\/index.php?rest_route=\/wp\/v2\/pages\/815\/revisions\/822"}],"wp:attachment":[{"href":"https:\/\/lyceejeanmace-vitry.fr\/index.php?rest_route=%2Fwp%2Fv2%2Fmedia&parent=815"}],"curies":[{"name":"wp","href":"https:\/\/api.w.org\/{rel}","templated":true}]}}