{"id":847,"date":"2025-05-15T07:23:43","date_gmt":"2025-05-15T07:23:43","guid":{"rendered":"https:\/\/lyceejeanmace-vitry.fr\/?page_id=847"},"modified":"2025-05-15T07:26:00","modified_gmt":"2025-05-15T07:26:00","slug":"appel-a-candidatures-mobilite-courte-a-letranger-pour-les-personnels-de-la-voie-superieure","status":"publish","type":"page","link":"https:\/\/lyceejeanmace-vitry.fr\/?page_id=847","title":{"rendered":"Appel \u00e0 candidatures"},"content":{"rendered":"\n<p><br><strong>MOBILIT\u00c9 COURTE \u00c0 L&#8217;\u00c9TRANGER POUR LES PERSONNELS DE LA VOIE SUP\u00c9RIEURE<\/strong><\/p>\n\n\n\n<p>Dans le cadre du programme Erasmus+ et plus particuli\u00e8rement de la mobilit\u00e9 des personnels de l\u2019enseignement sup\u00e9rieur, <strong>nous sommes \u00e0 la recherche d\u2019un(e) coll\u00e8gue volontaire pour effectuer une mobilit\u00e9 courte \u00e0 l\u2019\u00e9tranger d\u2019une dur\u00e9e de 5 jours (hors temps de trajet)<\/strong>. La p\u00e9riode est libre, selon vos disponibilit\u00e9s et celles de l&#8217;organisme d\u2019accueil. Mme Tour\u00e9, ERAEI pour la voie sup\u00e9rieure, vous accompagnera tout au long du processus pr\u00e9 et post mobilit\u00e9.&nbsp;<\/p>\n\n\n\n<p>Si cela vous int\u00e9resse merci de prendre connaissance du document ci-joint.&nbsp;<\/p>\n\n\n\n<div data-wp-interactive=\"core\/file\" class=\"wp-block-file\"><object data-wp-bind--hidden=\"!state.hasPdfPreview\" hidden class=\"wp-block-file__embed\" data=\"https:\/\/lyceejeanmace-vitry.fr\/wp-content\/uploads\/2025\/05\/Erasmus_candidature_personnels.pdf\" type=\"application\/pdf\" style=\"width:100%;height:860px\" aria-label=\"Contenu embarqu\u00e9 Erasmus_candidature_personnels.\"><\/object><a id=\"wp-block-file--media-e565d5e0-1f24-46c7-b7a0-f0fd56925dc9\" href=\"https:\/\/lyceejeanmace-vitry.fr\/wp-content\/uploads\/2025\/05\/Erasmus_candidature_personnels.pdf\">Erasmus_candidature_personnels<\/a><a href=\"https:\/\/lyceejeanmace-vitry.fr\/wp-content\/uploads\/2025\/05\/Erasmus_candidature_personnels.pdf\" class=\"wp-block-file__button wp-element-button\" download aria-describedby=\"wp-block-file--media-e565d5e0-1f24-46c7-b7a0-f0fd56925dc9\">T\u00e9l\u00e9charger<\/a><\/div>\n","protected":false},"excerpt":{"rendered":"<p>MOBILIT\u00c9 COURTE \u00c0 L&#8217;\u00c9TRANGER POUR LES PERSONNELS DE LA VOIE SUP\u00c9RIEURE Dans le cadre du programme Erasmus+ et plus particuli\u00e8rement<\/p>\n","protected":false},"author":3,"featured_media":0,"parent":0,"menu_order":0,"comment_status":"closed","ping_status":"closed","template":"","meta":{"footnotes":""},"class_list":["post-847","page","type-page","status-publish","hentry"],"_links":{"self":[{"href":"https:\/\/lyceejeanmace-vitry.fr\/index.php?rest_route=\/wp\/v2\/pages\/847","targetHints":{"allow":["GET"]}}],"collection":[{"href":"https:\/\/lyceejeanmace-vitry.fr\/index.php?rest_route=\/wp\/v2\/pages"}],"about":[{"href":"https:\/\/lyceejeanmace-vitry.fr\/index.php?rest_route=\/wp\/v2\/types\/page"}],"author":[{"embeddable":true,"href":"https:\/\/lyceejeanmace-vitry.fr\/index.php?rest_route=\/wp\/v2\/users\/3"}],"replies":[{"embeddable":true,"href":"https:\/\/lyceejeanmace-vitry.fr\/index.php?rest_route=%2Fwp%2Fv2%2Fcomments&post=847"}],"version-history":[{"count":4,"href":"https:\/\/lyceejeanmace-vitry.fr\/index.php?rest_route=\/wp\/v2\/pages\/847\/revisions"}],"predecessor-version":[{"id":853,"href":"https:\/\/lyceejeanmace-vitry.fr\/index.php?rest_route=\/wp\/v2\/pages\/847\/revisions\/853"}],"wp:attachment":[{"href":"https:\/\/lyceejeanmace-vitry.fr\/index.php?rest_route=%2Fwp%2Fv2%2Fmedia&parent=847"}],"curies":[{"name":"wp","href":"https:\/\/api.w.org\/{rel}","templated":true}]}}

Appel à candidatures

<p><br><strong>MOBILITÉ COURTE À L&#8217;ÉTRANGER POUR LES PERSONNELS DE LA VOIE SUPÉRIEURE</strong></p>



<p>Dans le cadre du programme Erasmus+ et plus particulièrement de la mobilité des personnels de l’enseignement supérieur, <strong>nous sommes à la recherche d’un(e) collègue volontaire pour effectuer une mobilité courte à l’étranger d’une durée de 5 jours (hors temps de trajet)</strong>. La période est libre, selon vos disponibilités et celles de l&#8217;organisme d’accueil. Mme Touré, ERAEI pour la voie supérieure, vous accompagnera tout au long du processus pré et post mobilité.&nbsp;</p>



<p>Si cela vous intéresse merci de prendre connaissance du document ci-joint.&nbsp;</p>



<div data-wp-interactive="core/file" class="wp-block-file"><object data-wp-bind--hidden="!state.hasPdfPreview" hidden class="wp-block-file__embed" data="https://lyceejeanmace-vitry.fr/wp-content/uploads/2025/05/Erasmus_candidature_personnels.pdf" type="application/pdf" style="width:100%;height:860px" aria-label="Contenu embarqué Erasmus_candidature_personnels."></object><a id="wp-block-file--media-e565d5e0-1f24-46c7-b7a0-f0fd56925dc9" href="https://lyceejeanmace-vitry.fr/wp-content/uploads/2025/05/Erasmus_candidature_personnels.pdf">Erasmus_candidature_personnels</a><a href="https://lyceejeanmace-vitry.fr/wp-content/uploads/2025/05/Erasmus_candidature_personnels.pdf" class="wp-block-file__button wp-element-button" download aria-describedby="wp-block-file--media-e565d5e0-1f24-46c7-b7a0-f0fd56925dc9">Télécharger</a></div>

<p>MOBILITÉ COURTE À L&#8217;ÉTRANGER POUR LES PERSONNELS DE LA VOIE SUPÉRIEURE Dans le cadre du programme Erasmus+ et plus particulièrement</p>
