{"id":88,"date":"2023-09-29T16:16:49","date_gmt":"2023-09-29T16:16:49","guid":{"rendered":"https:\/\/lyceejeanmace-vitry.fr\/?page_id=88"},"modified":"2023-10-01T08:15:26","modified_gmt":"2023-10-01T08:15:26","slug":"le-microlycee","status":"publish","type":"page","link":"https:\/\/lyceejeanmace-vitry.fr\/?page_id=88","title":{"rendered":"Le Microlyc\u00e9e"},"content":{"rendered":"\n<p>Le Microlyc\u00e9e est une structure scolaire publique exp\u00e9rimentale, qui s\u2019adresse \u00e0 des jeunes d\u00e9crocheurs, souhaitant reprendre leurs \u00e9tudes et pr\u00e9parer le baccalaur\u00e9at.<\/p>\n\n\n\n<p>Le Microlyc\u00e9e accueille 90 \u00e9l\u00e8ves en classes de&nbsp;:<\/p>\n\n\n\n<p><img loading=\"lazy\" decoding=\"async\" src=\"https:\/\/web.archive.org\/web\/20220628033943im_\/https:\/\/lyceejeanmace-vitry.fr\/local\/cache-vignettes\/L8xH11\/puce-32883.gif?1599463067\" width=\"8\" height=\"11\" alt=\"-\">&nbsp;Seconde<br><img loading=\"lazy\" decoding=\"async\" src=\"https:\/\/web.archive.org\/web\/20220628033943im_\/https:\/\/lyceejeanmace-vitry.fr\/local\/cache-vignettes\/L8xH11\/puce-32883.gif?1599463067\" width=\"8\" height=\"11\" alt=\"-\">&nbsp;Premi\u00e8res g\u00e9n\u00e9rale ou technologique STMG<br><img loading=\"lazy\" decoding=\"async\" src=\"https:\/\/web.archive.org\/web\/20220628033943im_\/https:\/\/lyceejeanmace-vitry.fr\/local\/cache-vignettes\/L8xH11\/puce-32883.gif?1599463067\" width=\"8\" height=\"11\" alt=\"-\">&nbsp;Terminales g\u00e9n\u00e9rale ou technologique STMG<\/p>\n\n\n\n<p>Voir en ligne&nbsp;: <a href=\"https:\/\/www.microlycee94.org\">https:\/\/www.microlycee94.org<\/a><\/p>\n","protected":false},"excerpt":{"rendered":"<p>Le Microlyc\u00e9e est une structure scolaire publique exp\u00e9rimentale, qui s\u2019adresse \u00e0 des jeunes d\u00e9crocheurs, souhaitant reprendre leurs \u00e9tudes et pr\u00e9parer<\/p>\n","protected":false},"author":3,"featured_media":0,"parent":0,"menu_order":1,"comment_status":"closed","ping_status":"closed","template":"","meta":{"footnotes":""},"class_list":["post-88","page","type-page","status-publish","hentry"],"_links":{"self":[{"href":"https:\/\/lyceejeanmace-vitry.fr\/index.php?rest_route=\/wp\/v2\/pages\/88","targetHints":{"allow":["GET"]}}],"collection":[{"href":"https:\/\/lyceejeanmace-vitry.fr\/index.php?rest_route=\/wp\/v2\/pages"}],"about":[{"href":"https:\/\/lyceejeanmace-vitry.fr\/index.php?rest_route=\/wp\/v2\/types\/page"}],"author":[{"embeddable":true,"href":"https:\/\/lyceejeanmace-vitry.fr\/index.php?rest_route=\/wp\/v2\/users\/3"}],"replies":[{"embeddable":true,"href":"https:\/\/lyceejeanmace-vitry.fr\/index.php?rest_route=%2Fwp%2Fv2%2Fcomments&post=88"}],"version-history":[{"count":3,"href":"https:\/\/lyceejeanmace-vitry.fr\/index.php?rest_route=\/wp\/v2\/pages\/88\/revisions"}],"predecessor-version":[{"id":148,"href":"https:\/\/lyceejeanmace-vitry.fr\/index.php?rest_route=\/wp\/v2\/pages\/88\/revisions\/148"}],"wp:attachment":[{"href":"https:\/\/lyceejeanmace-vitry.fr\/index.php?rest_route=%2Fwp%2Fv2%2Fmedia&parent=88"}],"curies":[{"name":"wp","href":"https:\/\/api.w.org\/{rel}","templated":true}]}}

Le Microlycée

<p>Le Microlycée est une structure scolaire publique expérimentale, qui s’adresse à des jeunes décrocheurs, souhaitant reprendre leurs études et préparer le baccalauréat.</p>



<p>Le Microlycée accueille 90 élèves en classes de&nbsp;:</p>



<p><img loading="lazy" decoding="async" src="https://web.archive.org/web/20220628033943im_/https://lyceejeanmace-vitry.fr/local/cache-vignettes/L8xH11/puce-32883.gif?1599463067" width="8" height="11" alt="-">&nbsp;Seconde<br><img loading="lazy" decoding="async" src="https://web.archive.org/web/20220628033943im_/https://lyceejeanmace-vitry.fr/local/cache-vignettes/L8xH11/puce-32883.gif?1599463067" width="8" height="11" alt="-">&nbsp;Premières générale ou technologique STMG<br><img loading="lazy" decoding="async" src="https://web.archive.org/web/20220628033943im_/https://lyceejeanmace-vitry.fr/local/cache-vignettes/L8xH11/puce-32883.gif?1599463067" width="8" height="11" alt="-">&nbsp;Terminales générale ou technologique STMG</p>



<p>Voir en ligne&nbsp;: <a href="https://www.microlycee94.org">https://www.microlycee94.org</a></p>

<p>Le Microlycée est une structure scolaire publique expérimentale, qui s’adresse à des jeunes décrocheurs, souhaitant reprendre leurs études et préparer</p>
